 the greatest common divisor of t and r.
2
Let v be 0 - (1 + -2 - 0). Suppose 15*b = 4*b + 11. What is the greatest common divisor of v and b?
1
Let i be 2/(-6) - 170/(-6). Calculate the greatest common divisor of 4 and i.
4
Let n = 228 + -92. What is the greatest common divisor of 8 and n?
8
Let a be (-1)/2*2 + 1. Let u be (-2 - a)/((-5)/15). What is the highest common factor of 15 and u?
3
Suppose 5 = 3*v - 13. What is the greatest common factor of 54 and v?
6
Let n = 1 + 7. Calculate the greatest common divisor of 20 and n.
4
Suppose -5*b - 30 - 20 = -v, -v = 5*b - 10. Let g = v + -18. Let o(w) = w**2 - 7*w + 10. Let s be o(g). Calculate the greatest common factor of s and 10.
10
Let z be ((-3)/2)/((-6)/8). Let d be 0 + 1 + 0/z. Let t be d + 3 + 8 + 2. What is the greatest common divisor of 154 and t?
14
Let p = -36 - -52. Let r be (p/(-5))/(3/(-15)). Suppose 2*c + 11 - 75 = 0. What is the greatest common factor of c and r?
16
Let s be (0 + -2)*(-27)/6. Let n = -102 + 201. Calculate the greatest common factor of s and n.
9
Let s = -52 + 108. What is the greatest common divisor of s and 21?
7
Suppose -41 = -3*u + 1. Calculate the highest common factor of u and 140.
14
Let d = 44 + 37. Let k be (-6)/(-8) - (-13)/4. Suppose 2*r + 7 = -k*u + 45, -3*u - r = -28. What is the highest common factor of u and d?
9
Let z(c) = 58*c - 2. Let f be z(1). Suppose -5*y - 15 = -5*h, -5*y + 2*y = h - 23. What is the greatest common divisor of h and f?
8
Suppose 481 = 4*c + 89. Calculate the greatest common factor of c and 28.
14
Let r = -65 + 120. Let d = 118 - r. Let n(k) = -10*k + 87. Let i be n(8). What is the greatest common divisor of d and i?
7
Let j = -12 - -14. Suppose -j*h + 42 = -4*u + 6*u, -4*u + 90 = 2*h. Calculate the greatest common factor of 12 and u.
12
Let j = -54 - -56. What is the greatest common factor of j and 2?
2
Let d be 592/72 - 2/9. Let m(u) = u**3 - 5*u**2 + 10*u - 8. Let w be m(6). What is the greatest common factor of w and d?
8
Let z(p) = -p**3 + 8*p**2 - 6*p - 5. Let o be z(7). Let x = o + 10. What is the greatest common divisor of 4 and x?
4
Let h be (12/21)/((-2)/(-7)). Suppose h*q + 4 = q. Let c be (-41 - 3)*2/q. Calculate the highest common divisor of 11 and c.
11
Let j be (-1)/2 + (-405)/(-18). Let z(c) be the third derivative of -11*c**4/6 - 3*c**2. Let d be z(-4). Calculate the highest common divisor of d and j.
22
Let p(r) = -r**3 + 6*r**2 + 8*r - 3. Let o be p(7). Let x(s) = 2*s + 2. Let q be x(0). Suppose q*n + 216 = o*n. Calculate the highest common factor of n and 12.
12
Let r(m) = 2*m**2 - m + 1. Let t be r(3). Suppose -18 = -2*c - 3*k, -c - 2*k = c - t. Calculate the greatest common divisor of c and 30.
6
Let x(c) = -c**2 + 6*c + 3. Let t be x(5). What is the highest common divisor of t and 64?
8
Let b be 1/2*4 - -1. Let p(s) = -3*s - 3 - 4 - s. Let r be p(-10). Calculate the highest common factor of r and b.
3
Let b be 2*(1/2 + 1). Suppose s = b*s - 220. Let a be (-3 + 3)/3 + 44. What is the highest common divisor of s and a?
22
Let w = 35 + -29. Calculate the greatest common divisor of w and 2.
2
Let n(y) = y**2 + 6*y - 1. Let s be n(-6). Let r be s + 3 + 9 + 133. What is the highest common divisor of r and 18?
18
Suppose -7 - 21 = 2*b. Let m be (18/(-12))/(3/b). Calculate the highest common divisor of 1 and m.
1
Let s be (4/2)/((-6)/(-225)). Let g be (1 + 5/15)*(-90)/(-4). What is the highest common factor of s and g?
15
Suppose -8 = -4*a - 0*a. Suppose 4*n + a = 5*n. Suppose 2*x - n = 4, 0 = -3*q - 5*x + 51. What is the greatest common factor of 6 and q?
6
Suppose 8*v - 7 = v. What is the highest common factor of 3 and v?
1
Let s be 3/(-3)*-8 - 0. Let m = s - 5. Let h = -2 + m. What is the greatest common factor of h and 7?
1
Let j = 0 - -15. Calculate the highest common divisor of j and 3.
3
Let j be -2*(-10)/8*26. Let k be (-144)/(-27) - (-2)/3. Suppose j = k*p - p. Calculate the highest common divisor of p and 143.
13
Suppose h - 85 = -2*p, -7*p - 4*h + 205 = -2*p. Suppose 0 = -5*k + p + 45. What is the greatest common divisor of 6 and k?
6
Let i(v) = -v**2 - 14*v + 1. Let q be i(-14). Calculate the highest common factor of 2 and q.
1
Let o(z) = -5*z + 22. Let c be o(-10). What is the greatest common factor of 9 and c?
9
Let u be 5 + (28 - (-2 + 4)). Calculate the greatest common factor of u and 31.
31
Suppose 39 + 91 = 10*u. Let m(y) = y**2 + y + 65. Let j be m(0). What is the highest common factor of j and u?
13
Suppose 0 = -4*f + f - 6. Let l(c) = c**3 + 4*c**2 + 1. Let g be l(f). Let d(i) = 3*i**2 - 4*i + 2. Let o be d(2). What is the highest common factor of o and g?
3
Let u be 1 + (1 - 4)/3*-6. What is the highest common divisor of 14 and u?
7
Let m be 6/(-9) - (-26)/3. Suppose 5*l + 3 + 2 = 0. Let k be 2*l/(-1) + 6. What is the highest common divisor of k and m?
8
Let m be -1*(-1 - 0) - -4. Suppose 0 = -m*o + 25, -b - 3*o + 17 = -0*b. What is the greatest common factor of b and 10?
2
Suppose 54*j - 10 = 52*j. Calculate the greatest common factor of j and 15.
5
Let z be (26/4 + 1)*(-2)/(-3). What is the highest common factor of z and 40?
5
Suppose -4*q = -48 - 0. Calculate the greatest common factor of 96 and q.
12
Let f = 31 + -17. Let t be ((-3)/(-2))/(15/(-100)). Let q = f - t. What is the highest common divisor of q and 16?
8
Suppose -4*n - 5*w + 2*w = -51, -n + w = -4. Calculate the greatest common factor of n and 18.
9
Let v = 927 - 405. Suppose 5*m - 524 = 4*a, -5*m + 0*m + 2*a = -v. Calculate the greatest common divisor of 13 and m.
13
Suppose 3*p + 2*p + 3*v = 5, -p + 5*v + 29 = 0. Let o = 4 - p. Let t be 16 + 2 + -2 + o. Calculate the highest common divisor of t and 4.
4
Suppose 0 = -2*o - 0*o + 10. Let s(k) = k**2 - 2*k - 6. Let v be s(o). What is the greatest common divisor of 99 and v?
9
Suppose c = 2*c - 14. Calculate the highest common factor of 182 and c.
14
Let b(c) be the second derivative of c**5/20 - c**4/3 + c**3/2 + c**2/2 - 3*c. Let u be b(3). Calculate the greatest common divisor of 11 and u.
1
Let a(m) = -m**2 + 5*m - 3. Let v be a(6). Let p(r) = r + 13. Let t be p(v). Suppose t*w - 50 = -w. Calculate the highest common factor of w and 50.
10
Let v = 8 + -6. Suppose 0 = -3*j + j + 2*z + 4, 2*j - 3*z = v. What is the highest common divisor of 1 and j?
1
Let c(i) = -i**2 + 5*i - 2. Let j be c(4). Suppose 2*h - 10 = 14. Calculate the greatest common divisor of j and h.
2
Suppose -5*g + 20 = -4*o, -9 - 1 = 5*g + 2*o. Let a(j) = g*j**2 + 9 - j**3 - j**2 + 2*j**2 - j. Let n be a(0). What is the greatest common factor of n and 63?
9
Let d(m) = 5*m + 3. Let l be d(-2). Let h be (-6)/l*(7 - 0). Let w(c) = 5*c - 3. Let x be w(3). Calculate the greatest common divisor of h and x.
6
Let y(p) = p**3 + 2*p**2 - 7*p + 1. Let t be y(-3). Calculate the highest common divisor of t and 91.
13
Let a(u) = u**2 - u - 4. Let o be a(3). Suppose 40 = o*t - 60. Calculate the highest common factor of t and 10.
10
Suppose -6*m - 4 = -8*m. Calculate the greatest common factor of m and 8.
2
Let w(x) = 14*x - 2. Let p be w(2). Let z = p - 21. Calculate the highest common factor of z and 45.
5
Suppose 6*w - 5*w = 143. Let g = -17 - -30. What is the highest common divisor of w and g?
13
Let y be (2/(-6))/((-1)/3). Suppose p + 0*p + y = 0, -3*p + 3 = a. Calculate the highest common factor of a and 6.
6
Suppose -2*w + 8 + 12 = 0. Let o be ((-6)/15)/(1/(-5)). Suppose n + 10 = o*n. What is the highest common factor of w and n?
10
Let x(i) = 29*i**2 - i + 1. Let a be x(1). Calculate the greatest common factor of a and 29.
29
Suppose 2*t - z - 7 - 252 = 0, -5*t - 4*z + 654 = 0. What is the highest common factor of 52 and t?
26
Suppose -6 = -3*f + f, v + f + 16 = 0. Let b = 7 - v. Calculate the greatest common divisor of b and 13.
13
Let l(q) = q**2 + 7*q. Let i be l(-6). Let b be (-422)/i - (-8)/(-24). What is the highest common factor of 10 and b?
10
Let j(o) = o**3 - 4*o**2 - 6*o - 7. Suppose 5*p = p + 20. Let x be j(p). Let y = x - -24. What is the greatest common divisor of 4 and y?
4
Suppose -3*b - q + 6 = 0, -b + q + 2 = -q. Let a be b/6 + 94/6. What is the highest common divisor of 2 and a?
2
Let g(y) = -2*y + 4 - 2 - 3*y. Let x be g(-6). Calculate the greatest common factor of x and 48.
16
Let r = 29 + 